uppose 5*l + 66 = -54. Let d be 90/27*l/(-5). Suppose -2*u + n = -9, -2 = -5*u - 2*n + d. What is the units digit of u?
4
Let h = 1458 - 737. What is the hundreds digit of h?
7
Suppose -3*c = -3*r + 9, 2*c - 2 = -4. Let i(d) = 31*d - 4. What is the tens digit of i(r)?
5
Suppose 0 = 17*l - 17323 - 21947. What is the hundreds digit of l?
3
Let g(q) = -q**3 - 9*q**2 + 10*q - 2. Let r = 12 - 22. Let p be g(r). What is the units digit of -3 - (-5 + p - -2)?
2
Let b = -100 + 361. Suppose -5*t = -5*n + n + b, -2*n + 2*t = -128. What is the tens digit of n?
5
Let n = -62 - -64. Suppose -5*b - 169 = -2*j, 4*b - 181 = -n*j + 5*b. What is the tens digit of j?
9
Let l = 79 - -117. What is the tens digit of l?
9
What is the tens digit of (-19827)/(-11) + 462/847?
0
Suppose 40*h - 5572 - 34428 = 0. What is the tens digit of h?
0
Suppose 4*l - 2410 = -266. What is the units digit of l?
6
Let o = -38 + 44. Let d(g) = 6*g**2 - 8*g - 8. What is the tens digit of d(o)?
6
Let j(a) = 9*a + 12. Let r be j(9). Let z = -54 + r. Let n = -17 + z. What is the tens digit of n?
2
Let z = 2292 + -1583. What is the units digit of z?
9
Let a(y) = 5*y**2 + y + 18. What is the tens digit of a(3)?
6
What is the hundreds digit of (-8 + 6 + -4)*(-906)/4?
3
Suppose -3*h + 9242 = 2*w, 3*h = 3*w - 11488 - 2345. What is the units digit of w?
5
Let i(z) = z**3 + 4*z**2 - 4. Let j be i(-3). Suppose 2*d - 74 = 2*q + 92, j*d - 397 = -q. What is the tens digit of d?
8
Suppose -4*o + 2358 = -1538. What is the units digit of o?
4
What is the hundreds digit of (5/10 + (-23709)/14)/(-1)?
6
Let f be ((-8)/(-6))/((-26)/(-39)). Suppose f*d - 5*i + 12 = d, -8 = 3*d - i. What is the units digit of d/(3*3/(-18))?
4
Suppose 5*u - 155 = -0*u. What is the tens digit of u?
3
Let n = 10 - 24. Let i be (-12)/(-21) + (-62)/n. Suppose i*t - 36 = t. What is the units digit of t?
9
Let j(d) = -11*d - 64. Let w be j(-6). What is the hundreds digit of 336 + ((-8)/14)/(w/(-14))?
3
Suppose -35*m = -4971 - 25689. What is the hundreds digit of m?
8
Let y(i) = -4*i**3 + 7*i**2 + 12*i + 30. What is the hundreds digit of y(-8)?
4
Let l = 90 - 86. What is the tens digit of 15/(-3)*-29 + l?
4
Suppose 4*b - 4*a = -384, 5*b + 0*b + 474 = 3*a. Let g = -31 - b. What is the tens digit of g?
6
Let h be (3 - 33/6)*-2. Suppose -x + 432 = h*x. What is the units digit of x?
2
Let z(o) = 2*o + 4. Let a = 25 + -11. Suppose a = 4*y + 2. What is the units digit of z(y)?
0
Suppose -7*i + 24 = -3*i. Let x be (i/(-4))/(4/(-24)). Let o(d) = d + 12. What is the units digit of o(x)?
1
Suppose -15*c = -26*c + 7920. What is the tens digit of c?
2
Let x(t) = -3*t + 131. Let w be x(0). Let a = w + -5. What is the tens digit of a?
2
Suppose 5*m - 316 = -4*v, 6*m - 64 = -v + m. Suppose 3*x = 2*o - 62, 4*x + v - 20 = 2*o. What is the tens digit of o?
2
Let z be (1/(-3))/((-2)/24). What is the tens digit of 1650/12*z/5?
1
Suppose -10 = -5*l - 2*b, 5*l + b + 6 - 21 = 0. Suppose l*i = -0*i. Suppose i = -9*t + 4*t + 125. What is the tens digit of t?
2
Let a(g) = -g - 6. Let h = 1 + 6. Let w be a(h). What is the tens digit of (w/2)/((-1)/2)?
1
Let y(t) be the third derivative of 1/4*t**5 - 1/120*t**6 + 0*t + 19/24*t**4 + 0 + 3*t**2 - 8/3*t**3. What is the units digit of y(16)?
2
Suppose -2*a - 8 = -6*a. Let v(z) = 2*z**3 - 3*z**2 + z. What is the units digit of v(a)?
6
Suppose -i - 1 = -4. Suppose i*w + 2*w - 80 = 0. Let d = w + 1. What is the tens digit of d?
1
Let y = -7 + 18. Suppose x - y = -4. Suppose 5*s - 6*s = -x. What is the units digit of s?
7
Let h be 9/6*2 + -1. Suppose -f + 20 = h*i, -10 = -f - 3*i - i. Let x = 50 - f. What is the units digit of x?
0
Let o be 1010/(-8) - 10/(-40). Let h = 178 + o. Suppose -8*r + h = -4*r. What is the units digit of r?
3
Suppose 869*i = 861*i + 24. What is the units digit of i?
3
Suppose -4*v - 758 = -n - 11017, 0 = 5*v - 2*n - 12820. What is the thousands digit of v?
2
Suppose 0 = 7*b - 3*b + 72. Suppose 2*c + 5 - 61 = 0. Let u = c + b. What is the units digit of u?
0
Suppose -t - 2518 = -q, -11*t = -6*t - 15. What is the tens digit of q?
2
Let m(j) be the first derivative of 7*j**2/2 - 2*j + 21. Suppose 4*z - 15 = -3. What is the units digit of m(z)?
9
Suppose u - 3897 = k + 3688, 0 = 4*u + 3*k - 30375. What is the hundreds digit of -1 - 5/(-2) - u/(-60)?
1
Let d(w) = -w**3 - 13*w**2 - 39*w - 101. What is the tens digit of d(-17)?
1
Let p = 693 + -301. What is the tens digit of p?
9
Let v = 29 - 0. Let g = 2 + v. What is the tens digit of g?
3
Let x = -42 + 44. What is the tens digit of (-1)/8 - (x - (-601)/(-8))?
7
What is the units digit of (-17 - -2)/(-3) - -1685?
0
Let y(c) be the third derivative of -c**5/30 - c**4/24 + 10*c**2. Let l be y(1). What is the units digit of (l/6)/((-2)/240)?
0
Let r(y) = -25*y - 18. Let k be r(3). Let d = -50 - k. What is the units digit of d?
3
Suppose -37*c = -32*c - 110. Suppose -c*x = -31*x + 1422. What is the units digit of x?
8
Let l(i) = 30*i**2 - 3*i - 3. Let p be l(-2). Let f = -94 + p. What is the tens digit of f?
2
Let p(a) = 16*a**2 + 2*a - 4. Let t be p(-3). Suppose t = k + k. What is the units digit of k?
7
Suppose 0 = 6*x - 3*x - 72. Let u be 4/x - 2/12. Suppose -4*p - 55 = -5*c + p, u = -c - 3*p + 11. What is the tens digit of c?
1
Let a be 284/16 - (-2)/8. Let g = -26 + a. Let m = 4 - g. What is the units digit of m?
2
Let m = 37 + -28. Suppose -3*d + 0*y - 5*y + m = 0, -4*d + 12 = 2*y. What is the units digit of d?
3
Let q be (-66)/14 - (-2)/(-7). Let z = q - -7. Suppose 104 = -z*h + 6*h. What is the tens digit of h?
2
Let l(t) = -t**3 - 5*t**2 + 8*t + 7. Let q be l(-7). Suppose -g + q = 18. What is the units digit of g?
1
Let u = -2878 - -3770. What is the hundreds digit of u?
8
Let q(v) = v**2 + 7*v - 6. Let n be q(-8). Suppose n*a + 2*a = 36. Suppose 4*k - 2*o = 9 + a, 0 = 2*k - 2*o - 14. What is the units digit of k?
2
Let j be (1 - 1) + -1 + 6. Suppose 0 = 5*a + 5*y - 40, -12 = 5*y - 37. Suppose -26 = -q + j*f, a*f + 125 - 39 = 5*q. What is the units digit of q?
6
Let a = -31 + 31. Suppose -3*m - 2*m + 225 = a. What is the tens digit of m?
4
Suppose 2*z - 14 = -2*c - 0*z, -5*c = 3*z - 29. Suppose 0 = 5*g - g + 5*n - 151, -c*g = -2*n - 158. What is the units digit of g?
9
Let m(c) = c**2 - 2*c - 5. Let j be m(4). Let p(q) = 20*q - 102. Let g be p(6). Let r = j + g. What is the tens digit of r?
2
Let o be 18/(-3)*(-2 - -1). Suppose o = q + q. Suppose 0 = q*s - 0*s - 18. What is the units digit of s?
6
Let o = 3880 - 2549. What is the units digit of o?
1
Suppose 16*d - 12937 = 5655. What is the tens digit of (-3)/((-15)/d) - 14/35?
3
Suppose -g + 150 + 380 = 0. Suppose x = -0*x + 4*t + 150, -4*t + g = 3*x. What is the hundreds digit of x?
1
Let i = -1176 + 1475. What is the units digit of i?
9
Suppose 38*u = 35*u + 930. What is the tens digit of u?
1
Let n(c) = -c**3 - 11*c**2 + 5*c - 6. Let f be n(-8). What is the tens digit of f/(-8) - 7/(-28)?
3
Let b(v) = 43*v - 119. What is the units digit of b(16)?
9
Let c(v) = 5*v - 21. Let r be c(5). Suppose -r*t + j = -161, 3*t = -0*t + j + 121. What is the tens digit of t?
4
Suppose -4*x + 5*j = -4262, 0 = x + x - j - 2128. What is the units digit of x?
3
Suppose 12*g - 50 = 7*g. Suppose 2*f = -0*f + g. What is the tens digit of 28/70 + 138/f?
2
Suppose 0 = 5*f + 4*w - 1453, 0*w = -3*f + 3*w + 888. What is the hundreds digit of f?
2
What is the tens digit of (1/6)/(-1) - 47815/(-438)?
0
Let p(t) = -t**3 + 9*t**2 - 3*t + 11. Let i be p(8). Suppose -1 = z, -4*h - i = 4*z - 235. What is the tens digit of h?
4
Let d = 815 + -397. What is the tens digit of d?
1
Suppose 3*d = 5*m + 8, -5*d - 2 = -4*m - 11. Let r be d - 32*(-4)/(-8). Let n(c) = -c**2 - 16*c + 19. What is the units digit of n(r)?
4
Let j = -1301 + 1927. What is the units digit of j?
6
Let c(b) = b**3 - 4*b**2 - 4*b + 13. Suppose 5*d = -0 + 30. What is the units digit of c(d)?
1
Let u(b) = -b**3 + 4*b**2 - 2*b + 7. Let d(s) = -s**2 + s. Let a(t) = -2*d(t) + u(t). What is the units digit of a(5)?
2
Suppose 0 = c - 20 + 21. Let g(z) = -42*z + 2. Let b be g(c). Suppose 4*l - b = -0*l. What is the units digit of l?
1
Let p(s) = 114*s**3 - s**2 + 2*s - 1. Let f be p(1). Suppose 0*t + 4*t + 28 = a, -3*a = -2*t - f. What is the units digit of a?
0
Wh